{"id":73,"date":"2017-02-05T00:14:03","date_gmt":"2017-02-05T02:14:03","guid":{"rendered":"http:\/\/www.rhgl.com.br\/?page_id=73"},"modified":"2017-05-02T08:38:55","modified_gmt":"2017-05-02T11:38:55","slug":"dc-cloud","status":"publish","type":"page","link":"https:\/\/www.rhgl.com.br\/?page_id=73","title":{"rendered":"Data Center &#038; Cloud"},"content":{"rendered":"<p><img loading=\"lazy\" decoding=\"async\" class=\"size-full wp-image-47 aligncenter\" src=\"http:\/\/www.rhgl.com.br\/wp-content\/uploads\/cloud_P.png\" alt=\"\" width=\"120\" height=\"80\" \/><\/p>\n<h1 class=\"tit5\" style=\"text-align: center;\">Data Center<\/h1>\n<h4 class=\"titcima2\" style=\"text-align: center;\">Mais com menos: uma infraestrutura moderna, el\u00e1stica e otimizada.<\/h4>\n<p>&nbsp;<\/p>\n<p>A tecnologia est\u00e1 a servi\u00e7o dos objetivos de neg\u00f3cio. E perseguir o crescimento significa manter um data center cada vez mais completo, complexo e, ao mesmo tempo, moderno e el\u00e1stico.<br \/>\nDescubra aqui como a RHGL pode adicionar performance, agilidade, flexibilidade e expans\u00e3o ordenada ao ambiente de TI da sua empresa.<\/p>\n<p>Infraestrutura e data center est\u00e3o entre as prioridades de investimento de CIOs em diversas ind\u00fastrias. E n\u00e3o \u00e9 por acaso. A busca por objetivos de neg\u00f3cio cada vez mais desafiadores requer um data center preparado para absorver as novas tecnologias e o aumento da demanda.<\/p>\n<p>A TI se torna um gargalo quando n\u00e3o consegue acompanhar essa evolu\u00e7\u00e3o, no (pouco) tempo dispon\u00edvel, levando a empresa a um crescimento desordenado, com perda de espa\u00e7o f\u00edsico, efici\u00eancia energ\u00e9tica e capacidade de gerenciamento.<\/p>\n<p>Uma situa\u00e7\u00e3o comum, que ilustra essa realidade em diversas organiza\u00e7\u00f5es, ocorre quando a \u00e1rea de neg\u00f3cios, desassistida pelo departamento de tecnologia, busca solucionar o seu problema por conta pr\u00f3pria. E ent\u00e3o adquire, por exemplo, um servi\u00e7o de armazenamento de dados na nuvem, levando as informa\u00e7\u00f5es da companhia para l\u00e1 e comprometendo a governan\u00e7a de TI.<\/p>\n<hr class=\"cor5\" \/>\n<h1 class=\"tit5\" style=\"text-align: center;\"><img loading=\"lazy\" decoding=\"async\" class=\"alignnone wp-image-251\" src=\"http:\/\/www.rhgl.com.br\/wp-content\/uploads\/hands.png\" sizes=\"(max-width: 120px) 100vw, 120px\" srcset=\"http:\/\/www.rhgl.com.br\/wp-content\/uploads\/hands.png 455w, http:\/\/www.rhgl.com.br\/wp-content\/uploads\/hands-300x196.png 300w, http:\/\/www.rhgl.com.br\/wp-content\/uploads\/hands-272x182.png 272w\" alt=\"\" width=\"120\" height=\"79\" \/><\/h1>\n<h1 class=\"tit5\" style=\"text-align: center;\">Proposta de valor<\/h1>\n<p>&nbsp;<\/p>\n<p>A TI n\u00e3o consegue ir a lugar algum enquanto n\u00e3o compreende os desafios e o plano de crescimento da companhia no curto e no longo prazos. Por isso, fazemos uma imers\u00e3o na opera\u00e7\u00e3o e na estrat\u00e9gia da empresa, identificando as atuais e futuras necessidades e as defici\u00eancias da infraestrutura existente.<\/p>\n<p>A partir da\u00ed, desenhamos uma solu\u00e7\u00e3o com base no conceito do data center el\u00e1stico, como gostamos de chamar, pois \u00e9 exatamente disso que se trata: uma infraestrutura moderna e flex\u00edvel, preparada para absorver as novas demandas. Nesse contexto, a computa\u00e7\u00e3o em nuvem \u00e9 uma grande aliada.<\/p>\n<p>Implementamos o projeto e, quando identificamos a necessidade, mantemos a opera\u00e7\u00e3o assistida no cliente, com a presen\u00e7a de um especialista da 2S na empresa at\u00e9 que o departamento de TI tenha a seguran\u00e7a de assumir a gest\u00e3o do ambiente sozinho.<\/p>\n<p>Fechamos o ciclo de projeto com o fornecimento de servi\u00e7os completos de suporte, manuten\u00e7\u00e3o, gerenciamento e monitoramento (NOC), quando contratados pela organiza\u00e7\u00e3o, garantindo ao cliente SLAs agressivos e atendimento por uma equipe 100% especializada.<\/p>\n<hr class=\"cor5\" \/>\n<p><img loading=\"lazy\" decoding=\"async\" class=\"aligncenter wp-image-301\" src=\"http:\/\/www.rhgl.com.br\/wp-content\/uploads\/Cloud_Computing-512.png\" sizes=\"(max-width: 160px) 100vw, 160px\" srcset=\"http:\/\/www.rhgl.com.br\/wp-content\/uploads\/Cloud_Computing-512.png 512w, http:\/\/www.rhgl.com.br\/wp-content\/uploads\/Cloud_Computing-512-150x150.png 150w, http:\/\/www.rhgl.com.br\/wp-content\/uploads\/Cloud_Computing-512-300x300.png 300w, http:\/\/www.rhgl.com.br\/wp-content\/uploads\/Cloud_Computing-512-250x250.png 250w, http:\/\/www.rhgl.com.br\/wp-content\/uploads\/Cloud_Computing-512-174x174.png 174w\" alt=\"\" width=\"120\" height=\"120\" \/><\/p>\n<h1 style=\"text-align: center;\">O que \u00e9 Cloud Computing? Entenda a sua Defini\u00e7\u00e3o e Import\u00e2ncia.<\/h1>\n<p>&nbsp;<\/p>\n<p>Mover os aplicativos para a nuvem. Gerenciar os sistemas na nuvem. Armazenar os arquivos na nuvem. Hoje em dia parece que tudo acontece &#8220;na nuvem&#8221;. Mas o que \u00e9 exatamente este conceito nebuloso? A resposta r\u00e1pida: a nuvem \u00e9 algum lugar do outro lado da sua conex\u00e3o de internet. Um lugar onde voc\u00ea pode acessar aplicativos e servi\u00e7os, e onde os seus dados s\u00e3o armazenados de forma segura.<\/p>\n<p>&nbsp;<\/p>\n<h1 style=\"text-align: center;\">Como funciona a computa\u00e7\u00e3o na nuvem?<\/h1>\n<p>&nbsp;<\/p>\n<p>Muitas pessoas ainda acham que o conceito de cloud computing \u00e9 algo dif\u00edcil de entender e complicado. Por\u00e9m, praticamente tudo que voc\u00ea consome atualmente na Internet \u2014 redes sociais, armazenamento de arquivos, streaming de v\u00eddeo e m\u00fasica \u2014 prov\u00e9m de aplicativos e servi\u00e7os baseados na nuvem.<\/p>\n<p>A ideia de guardar arquivos em uma \u201centidade tecnol\u00f3gica\u201d chamada nuvem surge do fato de que n\u00e3o se sabe exatamente onde os dados est\u00e3o sendo armazenados ou processados. Eles podem estar em um servidor aqui mesmo no Brasil, do outro lado do mundo, no Jap\u00e3o, ou ainda nos dois locais ao mesmo tempo, um sendo c\u00f3pia de seguran\u00e7a do outro. O verdadeiro advento \u00e9 conseguir acessar esses dados pela internet, de qualquer lugar do mundo, mesmo que estejam armazenados a quil\u00f4metros de dist\u00e2ncia.<\/p>\n<p>Como eles n\u00e3o est\u00e3o em lugar fixo (como um servidor local na empresa, por exemplo), \u00e9 poss\u00edvel que v\u00e1rias pessoas, de diversos locais, consigam interagir com aquele conte\u00fado guardado na nuvem, desde que tenham acesso autorizado e autenticado para tal. A atualiza\u00e7\u00e3o desses arquivos e processos tamb\u00e9m acontece em tempo real, j\u00e1 que est\u00e3o conectados a internet, al\u00e9m da cria\u00e7\u00e3o de backups peri\u00f3dicos.<\/p>\n<p>&nbsp;<\/p>\n<h1 style=\"text-align: center;\">Qual a utilidade da nuvem para os neg\u00f3cios?<\/h1>\n<p>&nbsp;<\/p>\n<p>Existem diversos benef\u00edcios de cloud computing para as empresas. Redu\u00e7\u00e3o de investimentos em infra-estrutura, menor necessidade de equipes especialistas que n\u00e3o sejam relacionados ao seu neg\u00f3cio e flexibilidade de crescimento s\u00e3o alguns deles.<\/p>\n<p>A ideia n\u00e3o \u00e9 apenas colocar arquivos na internet e acess\u00e1-los de qualquer local e de qualquer dispositivo, por exemplo. Estar na nuvem significa transformar algo que ficaria restrito a um servidor e\/ou espa\u00e7o f\u00edsico em algo que pode se construir de forma colaborativa, por meio do conhecimento e das a\u00e7\u00f5es de diversas pessoas. Centralizar o sistema de sua empresa nesse sistema tem, como consequ\u00eancia direta, a integra\u00e7\u00e3o das diferentes \u00e1reas da empresa e o aumento da efic\u00e1cia dos projetos.<\/p>\n<p>A computa\u00e7\u00e3o na nuvem tamb\u00e9m \u00e9 \u00fatil para cortar gastos e transformar um capital que ficaria parado como servidores quebrados ou inutilizados em investimento em outras \u00e1reas. Tudo na nuvem \u00e9 contratado como servi\u00e7os, de softwares b\u00e1sicos a infraestruturas completas de TI. Voc\u00ea paga apenas pelo que voc\u00ea usa, sem gastos adicionais com manuten\u00e7\u00e3o e afins, possibilitando uma implanta\u00e7\u00e3o mais f\u00e1cil, independentemente do tamanho ou das pretens\u00f5es da sua empresa.<\/p>\n<p>Ali\u00e1s, desapegar do f\u00edsico n\u00e3o \u00e9 sin\u00f4nimo de perder a seguran\u00e7a dos seus dados \u2014 ao contr\u00e1rio do que se pensa, \u00e9 prov\u00e1vel que eles fiquem mais protegidos e mais f\u00e1ceis de serem recuperados. Enquanto os backups de um sistema convencional, muitas vezes, s\u00e3o feitos em m\u00eddias f\u00edsicas, que precisam ser novamente carregadas manualmente, algumas t\u00e9cnicas de nuvem s\u00e3o capazes de fazer isso automaticamente e de forma criptografada. Outro exemplo, se acontece algum problema em um servidor em um ponto do globo, os usu\u00e1rios s\u00e3o automaticamente redirecionados para acessar uma c\u00f3pia em outro ponto.<\/p>\n<p>&nbsp;<\/p>\n<h1 style=\"text-align: center;\">Parceiros<\/h1>\n<p>&nbsp;<\/p>\n<p><img loading=\"lazy\" decoding=\"async\" class=\"wp-image-209 alignleft\" src=\"http:\/\/www.rhgl.com.br\/wp-content\/uploads\/NetApp_gg.png\" alt=\"\" width=\"200\" height=\"35\" srcset=\"https:\/\/www.rhgl.com.br\/wp-content\/uploads\/NetApp_gg.png 4460w, https:\/\/www.rhgl.com.br\/wp-content\/uploads\/NetApp_gg-300x52.png 300w, https:\/\/www.rhgl.com.br\/wp-content\/uploads\/NetApp_gg-768x134.png 768w, https:\/\/www.rhgl.com.br\/wp-content\/uploads\/NetApp_gg-1024x179.png 1024w\" sizes=\"(max-width: 200px) 100vw, 200px\" \/><\/p>\n<p style=\"text-align: center;\"><img loading=\"lazy\" decoding=\"async\" class=\"wp-image-228 aligncenter\" src=\"http:\/\/www.rhgl.com.br\/wp-content\/uploads\/citrix.jpg\" alt=\"\" width=\"176\" height=\"77\" srcset=\"https:\/\/www.rhgl.com.br\/wp-content\/uploads\/citrix.jpg 176w, https:\/\/www.rhgl.com.br\/wp-content\/uploads\/citrix-174x77.jpg 174w\" sizes=\"(max-width: 176px) 100vw, 176px\" \/><\/p>\n<p style=\"text-align: center;\"><img loading=\"lazy\" decoding=\"async\" class=\"wp-image-221 alignright\" src=\"http:\/\/www.rhgl.com.br\/wp-content\/uploads\/hpe_pri_grn_pos_rgb.png\" alt=\"\" width=\"200\" height=\"84\" srcset=\"https:\/\/www.rhgl.com.br\/wp-content\/uploads\/hpe_pri_grn_pos_rgb.png 1600w, https:\/\/www.rhgl.com.br\/wp-content\/uploads\/hpe_pri_grn_pos_rgb-300x126.png 300w, https:\/\/www.rhgl.com.br\/wp-content\/uploads\/hpe_pri_grn_pos_rgb-768x324.png 768w, https:\/\/www.rhgl.com.br\/wp-content\/uploads\/hpe_pri_grn_pos_rgb-1024x431.png 1024w\" sizes=\"(max-width: 200px) 100vw, 200px\" \/><\/p>\n<p><img loading=\"lazy\" decoding=\"async\" class=\"wp-image-233 alignnone\" src=\"http:\/\/www.rhgl.com.br\/wp-content\/uploads\/nutanix-1.png\" alt=\"\" width=\"200\" height=\"36\" srcset=\"https:\/\/www.rhgl.com.br\/wp-content\/uploads\/nutanix-1.png 5792w, https:\/\/www.rhgl.com.br\/wp-content\/uploads\/nutanix-1-300x54.png 300w, https:\/\/www.rhgl.com.br\/wp-content\/uploads\/nutanix-1-768x139.png 768w, https:\/\/www.rhgl.com.br\/wp-content\/uploads\/nutanix-1-1024x186.png 1024w\" sizes=\"(max-width: 200px) 100vw, 200px\" \/><\/p>\n","protected":false},"excerpt":{"rendered":"<p>Data Center Mais com menos: uma infraestrutura moderna, el\u00e1stica e otimizada. &nbsp; A tecnologia est\u00e1 a servi\u00e7o dos objetivos de neg\u00f3cio. E perseguir o crescimento significa manter um data center cada vez mais completo, complexo e, ao mesmo tempo, moderno e el\u00e1stico. Descubra aqui como a RHGL pode adicionar performance, agilidade, flexibilidade e expans\u00e3o ordenada <a href=\"https:\/\/www.rhgl.com.br\/?page_id=73\" rel=\"nofollow\"><span class=\"sr-only\">Read more about Data Center &#038; Cloud<\/span>[&#8230;]<\/a><\/p>\n","protected":false},"author":1,"featured_media":0,"parent":0,"menu_order":0,"comment_status":"closed","ping_status":"closed","template":"template-fullwidth-no-title.php","meta":{"footnotes":""},"_links":{"self":[{"href":"https:\/\/www.rhgl.com.br\/index.php?rest_route=\/wp\/v2\/pages\/73"}],"collection":[{"href":"https:\/\/www.rhgl.com.br\/index.php?rest_route=\/wp\/v2\/pages"}],"about":[{"href":"https:\/\/www.rhgl.com.br\/index.php?rest_route=\/wp\/v2\/types\/page"}],"author":[{"embeddable":true,"href":"https:\/\/www.rhgl.com.br\/index.php?rest_route=\/wp\/v2\/users\/1"}],"replies":[{"embeddable":true,"href":"https:\/\/www.rhgl.com.br\/index.php?rest_route=%2Fwp%2Fv2%2Fcomments&post=73"}],"version-history":[{"count":22,"href":"https:\/\/www.rhgl.com.br\/index.php?rest_route=\/wp\/v2\/pages\/73\/revisions"}],"predecessor-version":[{"id":314,"href":"https:\/\/www.rhgl.com.br\/index.php?rest_route=\/wp\/v2\/pages\/73\/revisions\/314"}],"wp:attachment":[{"href":"https:\/\/www.rhgl.com.br\/index.php?rest_route=%2Fwp%2Fv2%2Fmedia&parent=73"}],"curies":[{"name":"wp","href":"https:\/\/api.w.org\/{rel}","templated":true}]}}